{"id":6634,"date":"2014-07-21T03:15:29","date_gmt":"2014-07-21T03:15:29","guid":{"rendered":"http:\/\/ivanrodero.com\/clients\/?page_id=6634"},"modified":"2019-09-30T16:32:53","modified_gmt":"2019-09-30T16:32:53","slug":"compostaje","status":"publish","type":"page","link":"https:\/\/www.impec.com.ar\/?page_id=6634","title":{"rendered":"COMPOSTAJE"},"content":{"rendered":"<p><strong>LIQUIBAC COMPOST:<\/strong> Es utilizado para acelerar el proceso de descomposici\u00f3n de materia org\u00e1nica, favoreciendo el incremento de la temperatura en un menor periodo.<\/p>\n<p>Permite obtener un abono con caracter\u00edsticas f\u00edsico-qu\u00edmicas y biol\u00f3gicas de \u00f3ptima calidad.<\/p>\n\n<table id=\"tablepress-10\" class=\"tablepress tablepress-id-10\">\n<thead>\n<tr class=\"row-1\">\n\t<th class=\"column-1\">Productos<\/th><th class=\"column-2\">Caracter\u00edsticas<\/th><th class=\"column-3\">Usos<\/th><th class=\"column-4\">Fichas<\/th><th class=\"column-5\">Hojas de seguridad<\/th>\n<\/tr>\n<\/thead>\n<tbody>\n<tr class=\"row-2\">\n\t<td class=\"column-1\"><strong>LIQUIBAC COMPOST<\/strong><\/td><td class=\"column-2\">Es utilizado para acelerar el proceso de descomposici\u00f3n de materia org\u00e1nica, favoreciendo el incremento de la temperatura en un menor periodo.<\/td><td class=\"column-3\">Permite obtener un abono con caracter\u00edsticas f\u00edsico-qu\u00edmicas y biol\u00f3gicas de \u00f3ptima calidad.<\/td><td class=\"column-4\"><a href=\"..\/archivos\/Ficha Tecnica LIQUIBAC COMPOST.pdf\" target=\"_blank\"><img decoding=\"async\" src=\"https:\/\/www.impec.com.ar\/wp-content\/uploads\/2014\/09\/Pdf.png\" \/><\/a><\/td><td class=\"column-5\"><a href=\"https:\/\/www.impec.com.ar\/wp-content\/uploads\/2021\/03\/Hoja-de-Seguridad-LIQUIBAC-COMPOST.pdf\"><img decoding=\"async\" src=\"https:\/\/www.impec.com.ar\/wp-content\/uploads\/2014\/09\/Pdf.png\" \/><\/a><\/td>\n<\/tr>\n<\/tbody>\n<\/table>\n<!-- #tablepress-10 from cache -->\n","protected":false},"excerpt":{"rendered":"<p>LIQUIBAC COMPOST: Es utilizado para acelerar el proceso de descomposici\u00f3n de materia org\u00e1nica, favoreciendo el incremento de la temperatura en un menor periodo. Permite obtener un abono con caracter\u00edsticas f\u00edsico-qu\u00edmicas y biol\u00f3gicas de \u00f3ptima calidad.<\/p>\n","protected":false},"author":1,"featured_media":6737,"parent":0,"menu_order":0,"comment_status":"open","ping_status":"open","template":"","meta":{"footnotes":""},"class_list":["post-6634","page","type-page","status-publish","has-post-thumbnail","hentry"],"_links":{"self":[{"href":"https:\/\/www.impec.com.ar\/index.php?rest_route=\/wp\/v2\/pages\/6634","targetHints":{"allow":["GET"]}}],"collection":[{"href":"https:\/\/www.impec.com.ar\/index.php?rest_route=\/wp\/v2\/pages"}],"about":[{"href":"https:\/\/www.impec.com.ar\/index.php?rest_route=\/wp\/v2\/types\/page"}],"author":[{"embeddable":true,"href":"https:\/\/www.impec.com.ar\/index.php?rest_route=\/wp\/v2\/users\/1"}],"replies":[{"embeddable":true,"href":"https:\/\/www.impec.com.ar\/index.php?rest_route=%2Fwp%2Fv2%2Fcomments&post=6634"}],"version-history":[{"count":1,"href":"https:\/\/www.impec.com.ar\/index.php?rest_route=\/wp\/v2\/pages\/6634\/revisions"}],"predecessor-version":[{"id":6954,"href":"https:\/\/www.impec.com.ar\/index.php?rest_route=\/wp\/v2\/pages\/6634\/revisions\/6954"}],"wp:featuredmedia":[{"embeddable":true,"href":"https:\/\/www.impec.com.ar\/index.php?rest_route=\/wp\/v2\/media\/6737"}],"wp:attachment":[{"href":"https:\/\/www.impec.com.ar\/index.php?rest_route=%2Fwp%2Fv2%2Fmedia&parent=6634"}],"curies":[{"name":"wp","href":"https:\/\/api.w.org\/{rel}","templated":true}]}}