{"id":6673,"date":"2014-07-31T13:48:39","date_gmt":"2014-07-31T13:48:39","guid":{"rendered":"http:\/\/ivanrodero.com\/clients\/?page_id=6673"},"modified":"2014-07-31T13:48:39","modified_gmt":"2014-07-31T13:48:39","slug":"productos-biologicos","status":"publish","type":"page","link":"https:\/\/www.impec.com.ar\/?page_id=6673","title":{"rendered":"Productos biol\u00f3gicos"},"content":{"rendered":"<p style=\"text-align: justify;\"><span class=\"texto\">Nuestros productos son mezclas sin\u00e9rgicas de microorganismos seleccionados y adaptados\u00a0 para degradar compuestos org\u00e1nicos presentes en los efluentes. Si bien la poblaci\u00f3n aut\u00f3ctona puede ser aceptable con el tiempo, en algunos procesos puede ser mejorada mediante la bioaumentaci\u00f3n, permitiendo un control adicional sobre el sistema \u00a0aumentando la diversidad y la calidad de la poblaci\u00f3n microbiana.<\/span><\/p>\n<p style=\"text-align: justify;\"><span class=\"texto\"><i>La bioaumentaci\u00f3n<\/i> consiste en realizar un <i>cambio gradual en la poblaci\u00f3n microbiana<\/i> mediante la inoculaci\u00f3n de bacterias espec\u00edficas en el sistema de tratamientos, <i>para mejorar su eficiencia o reducir los costos operativos.<\/i><\/span><\/p>\n<p><span class=\"texto\">La aplicaci\u00f3n adecuada de los productos permite obtener los siguientes beneficios:<br \/>\n<\/span><\/p>\n<ul class=\"lista\">\n<li><span class=\"style2\"><i>Reduce la D.B.O.<\/i><\/span><\/li>\n<li><span class=\"style2\"><i>Aumento de capacidad de la planta<\/i> <\/span><\/li>\n<li><span class=\"style2\"><i>Reduce tiempos de puesta en marcha<\/i><\/span><\/li>\n<li><span class=\"style2\"><i>Degrada compuestos espec\u00edficos<\/i> <\/span><\/li>\n<li><span class=\"style2\"><i>Reduce los barros a purgar<\/i><\/span><\/li>\n<\/ul>\n<p><span class=\"texto\">Para que la aplicaci\u00f3n de los productos sea efectiva es necesario asegurar las condiciones\u00a0 para su funcionamiento, p\u00f3ngase en contacto con nuestro departamento t\u00e9cnico para poder asistirlo.<\/span><\/p>\n\n<table id=\"tablepress-1\" class=\"tablepress tablepress-id-1\">\n<thead>\n<tr class=\"row-1\">\n\t<th class=\"column-1\">Productos<\/th><th class=\"column-2\">Caracter\u00edsticas<\/th><th class=\"column-3\">Usos<\/th><th class=\"column-4\">Fichas<\/th><th class=\"column-5\">Hojas de seguridad<\/th>\n<\/tr>\n<\/thead>\n<tbody>\n<tr class=\"row-2\">\n\t<td class=\"column-1\"><strong>SOLIBAC IP<\/strong><\/td><td class=\"column-2\">Degrada hidrocarburos, detergentes y fenoles.<\/td><td class=\"column-3\">Para efluentes industriales y qu\u00edmicos, lodos activados, lechos percoladores, biofiltros y sistemas de lagunas. <\/td><td class=\"column-4\"><a href=\"..\/archivos\/Ficha Tecnica SOLIBAC IP.pdf\" target=\"_blank\"><img decoding=\"async\" src=\"https:\/\/www.impec.com.ar\/wp-content\/uploads\/2014\/09\/Pdf.png\" \/><\/a><\/td><td class=\"column-5\"><a href=\"..\/archivos\/Hoja de Seguridad SOLIBAC IP.pdf\" target=\"_blank\"><img decoding=\"async\" src=\"https:\/\/www.impec.com.ar\/wp-content\/uploads\/2014\/09\/Pdf.png\" \/><\/a><\/td>\n<\/tr>\n<tr class=\"row-3\">\n\t<td class=\"column-1\"><strong>SOLIBAC AM<\/strong><\/td><td class=\"column-2\">Degrada grasas, aceites, prote\u00ednas, almidones y carbohidratos.<\/td><td class=\"column-3\">Para efluentes cloacacales y alimenticios, lodos activados, lechos percoladores, biofiltros y sistemas de lagunas. <\/td><td class=\"column-4\"><a href=\"..\/archivos\/Ficha Tecnica SOLIBAC AM.pdf\" target=\"_blank\"><img decoding=\"async\" src=\"https:\/\/www.impec.com.ar\/wp-content\/uploads\/2014\/09\/Pdf.png\" \/><\/a><\/td><td class=\"column-5\"><a href=\"..\/archivos\/Hoja de Seguridad SOLIBAC AM.pdf\" target=\"_blank\"><img decoding=\"async\" src=\"https:\/\/www.impec.com.ar\/wp-content\/uploads\/2014\/09\/Pdf.png\" \/><\/a><\/td>\n<\/tr>\n<tr class=\"row-4\">\n\t<td class=\"column-1\"><strong>LIQUIBAC HA<\/strong><\/td><td class=\"column-2\">Microorganismos anaer\u00f3bicos \/ facultativos.<\/td><td class=\"column-3\">Reduce de tiempos de puesta en marcha y aumenta la eficiencia de lagunas y plantas de tratamiento facultativas y anaer\u00f3bicas.<\/td><td class=\"column-4\"><a href=\"..\/archivos\/Ficha Tecnica LIQUIBAC HA.pdf\" target=\"_blank\"><img decoding=\"async\" src=\"https:\/\/www.impec.com.ar\/wp-content\/uploads\/2014\/09\/Pdf.png\" \/><\/a><\/td><td class=\"column-5\"><a href=\"..\/archivos\/Hoja de Seguridad LIQUIBAC HA.pdf\" target=\"_blank\"><img decoding=\"async\" src=\"https:\/\/www.impec.com.ar\/wp-content\/uploads\/2014\/09\/Pdf.png\" \/><\/a><\/td>\n<\/tr>\n<tr class=\"row-5\">\n\t<td class=\"column-1\"><strong>LIQUIBAC AM<\/strong><\/td><td class=\"column-2\">Mejorador de biomasa.<\/td><td class=\"column-3\">Para efluentes cloacales y en los siguientes tipos de industrias: Alimenticias, Bebidas, Curtiembres, Pesqueras, Aceiteras y Azucareras entre otras.<\/td><td class=\"column-4\"><a href=\"..\/archivos\/Ficha Tecnica LIQUIBAC AM.pdf\" target=\"_blank\"><img decoding=\"async\" src=\"https:\/\/www.impec.com.ar\/wp-content\/uploads\/2014\/09\/Pdf.png\" \/><\/a><\/td><td class=\"column-5\"><a href=\"https:\/\/www.impec.com.ar\/wp-content\/uploads\/2021\/03\/Hoja-de-Seguridad-LIQUIBAC-AM.pdf\"><img decoding=\"async\" src=\"https:\/\/www.impec.com.ar\/wp-content\/uploads\/2014\/09\/Pdf.png\" \/><\/a><\/td>\n<\/tr>\n<tr class=\"row-6\">\n\t<td class=\"column-1\"><strong>SOLIBAC HC<\/strong><\/td><td class=\"column-2\">Acelerador de procesos de degradaci\u00f3n.<\/td><td class=\"column-3\">Efluentes l\u00edquidos.<\/td><td class=\"column-4\"><a href=\"..\/archivos\/Ficha Tecnica SOLIBAC HC.pdf\" target=\"_blank\"><img decoding=\"async\" src=\"https:\/\/www.impec.com.ar\/wp-content\/uploads\/2014\/09\/Pdf.png\" \/><\/a><\/td><td class=\"column-5\"><a href=\"..\/archivos\/Hoja de Seguridad SOLIBAC HC.pdf\" target=\"_blank\"><img decoding=\"async\" src=\"https:\/\/www.impec.com.ar\/wp-content\/uploads\/2014\/09\/Pdf.png\" \/><\/a><\/td>\n<\/tr>\n<\/tbody>\n<\/table>\n<!-- #tablepress-1 from cache -->\n","protected":false},"excerpt":{"rendered":"<p>Nuestros productos son mezclas sin\u00e9rgicas de microorganismos seleccionados y adaptados\u00a0 para degradar compuestos org\u00e1nicos presentes en los efluentes. Si bien la poblaci\u00f3n aut\u00f3ctona puede ser aceptable con el tiempo, en algunos procesos puede ser mejorada mediante la bioaumentaci\u00f3n, permitiendo un<\/p>\n","protected":false},"author":1,"featured_media":6866,"parent":6617,"menu_order":0,"comment_status":"open","ping_status":"open","template":"","meta":{"footnotes":""},"class_list":["post-6673","page","type-page","status-publish","has-post-thumbnail","hentry"],"_links":{"self":[{"href":"https:\/\/www.impec.com.ar\/index.php?rest_route=\/wp\/v2\/pages\/6673","targetHints":{"allow":["GET"]}}],"collection":[{"href":"https:\/\/www.impec.com.ar\/index.php?rest_route=\/wp\/v2\/pages"}],"about":[{"href":"https:\/\/www.impec.com.ar\/index.php?rest_route=\/wp\/v2\/types\/page"}],"author":[{"embeddable":true,"href":"https:\/\/www.impec.com.ar\/index.php?rest_route=\/wp\/v2\/users\/1"}],"replies":[{"embeddable":true,"href":"https:\/\/www.impec.com.ar\/index.php?rest_route=%2Fwp%2Fv2%2Fcomments&post=6673"}],"version-history":[{"count":0,"href":"https:\/\/www.impec.com.ar\/index.php?rest_route=\/wp\/v2\/pages\/6673\/revisions"}],"up":[{"embeddable":true,"href":"https:\/\/www.impec.com.ar\/index.php?rest_route=\/wp\/v2\/pages\/6617"}],"wp:featuredmedia":[{"embeddable":true,"href":"https:\/\/www.impec.com.ar\/index.php?rest_route=\/wp\/v2\/media\/6866"}],"wp:attachment":[{"href":"https:\/\/www.impec.com.ar\/index.php?rest_route=%2Fwp%2Fv2%2Fmedia&parent=6673"}],"curies":[{"name":"wp","href":"https:\/\/api.w.org\/{rel}","templated":true}]}}